
0
Let s(g) = -g**2 - 6*g - 19. Let z(y) = y**2 + 6*y + 19. Let m(i) = 5*s(i) + 6*z(i). What is the units digit of m(-16)?
9
Suppose 11*a - 6 = 8*a. Let w(l) = -15 - l**a - 21 + 34 + 18*l. What is the units digit of w(14)?
4
Let x(f) = f**3 + 5*f**2 + 5*f + 11. Let l(k) = -2*k**3 - 4*k**2 - 6*k - 12. Let d(r) = 2*l(r) + 3*x(r). What is the tens digit of d(7)?
3
Suppose z + 2*f + 69 = 6*z, -66 = -5*z + 3*f. Let h = 275 - z. What is the hundreds digit of h?
2
Let y = 141 - 139. Suppose 3*g = -3*h + 972 - 288, 0 = -y*g + 4*h + 450. What is the units digit of g?
7
Suppose 0 = 2*p - 4 - 16. Suppose -6*r + p = -2. What is the units digit of r?
2
Let s(d) = 30*d**2 + 11*d - 13. What is the units digit of s(-7)?
0
Let q(c) = 7*c**2 - 2*c + 57. What is the hundreds digit of q(-10)?
7
Suppose 2*d = 38 - 10. What is the units digit of 2/d - (-1217)/7?
4
Suppose 136 - 26 = 11*t. What is the units digit of t?
0
Let q be -1 + 1 - (-6 + 3). Let r = -48 + 83. Suppose -5*t - 4 + 110 = 4*y, -q*t - r = -y. What is the units digit of y?
9
Let w(i) = 2*i**2 - 15*i + 28. What is the tens digit of w(8)?
3
Suppose -4*j = 2*q - 1574, j - 2392 + 31 = -3*q. What is the tens digit of q?
8
Let y(p) = -p**3 + 21*p**2 - 25*p + 39. What is the hundreds digit of y(19)?
2
Suppose 20*s = 28*s - 6576. What is the units digit of s?
2
Let t(k) be the second derivative of 11*k**6/40 + k**5/30 - k**3/6 - k**2 + k. Let f(i) be the first derivative of t(i). What is the tens digit of f(1)?
3
What is the units digit of (200360/120)/((-1)/(-2 - 1))?
9
Let t be ((-3)/(-1))/(1/2). Suppose 570 = 5*z + z. Suppose m = t*m - z. What is the tens digit of m?
1
Suppose -4*o - 656 = -3*h + 824, 0 = -h + 5*o + 497. What is the units digit of h?
2
Let c(w) = 0*w**2 + w - w**2 + 4 + 2*w. Let n be c(5). Let l(f) = -f**3 - 7*f**2 - 9*f - 9. What is the units digit of l(n)?
9
Let a = -2350 - -4484. What is the thousands digit of a?
2
Let f = 219 - 119. Suppose 0*h + 5*h - f = 0. What is the tens digit of h?
2
Let l(r) = -31*r - 137. What is the hundreds digit of l(-21)?
5
Let g(i) = 25*i**2 - 19*i - 10. What is the hundreds digit of g(7)?
0
Let s be (1 - (1 - 1))*276. Suppose -c + 7*c - s = 0. What is the units digit of c?
6
Let r = 102 - 78. Suppose 56*o = 54*o + r. What is the units digit of o?
2
Let h(s) = s**2 - 7*s + 9. Let w be h(6). Suppose a + 232 = w*a. Suppose 0 = 6*o - 2*o - a. What is the units digit of o?
9
Suppose 0 = -5*r - 51 - 14. Let a = r - -5. What is the units digit of (-12)/a*(3 - -23)?
9
What is the tens digit of (4 - 2*(-2)/4) + 461?
6
Let l(a) = a**3 + 11*a**2 + a + 14. Let h be l(-11). Suppose 0 = -h*f + 2*o + o + 183, -5*f = -o - 301. What is the tens digit of f?
6
Let i(c) = 42*c**2 + 12*c + 27. What is the units digit of i(-2)?
1
Let f(u) = 6*u - 22. Let g be f(7). Suppose g = v - 34. What is the units digit of v?
4
Suppose 680 + 2540 = 28*i. What is the units digit of i?
5
Let f(h) = -2*h**3 + h**2 - h - 3. Let u be ((-1)/(-2))/(1/2)*-2. What is the tens digit of f(u)?
1
Suppose 10 = p + p. Suppose -2*b + 2*g - 68 = -394, 0 = p*g - 20. What is the units digit of b?
7
Let c(a) be the second derivative of 0 - 1/6*a**3 + 4*a + 0*a**2. What is the units digit of c(-6)?
6
Let a(f) = 8*f + 3. Let d = 12 + -24. Let k be ((-9)/12)/(3/d). What is the tens digit of a(k)?
2
Suppose -4*g + 12 = 4*s, -8*g - 3*s + 15 = -3*g. Suppose -p - 12 = -q, -g*p + 2*q = -2*p + 8. Let l = 27 + p. What is the tens digit of l?
1
Let r(y) = -2*y**3 + y**2 - 3*y + 2. Let i be r(1). Let q be (4 - 5)/(i/420). Suppose -6*d + 3*t = -2*d - q, 0 = 2*d - 3*t - 108. What is the units digit of d?
1
Let y be 0 - (-18)/(-1 - -4). Suppose y = -5*h + 21. What is the units digit of h?
3
Suppose -4746 = -4*m + 2*d, 13*m - 5*d = 12*m + 1209. What is the units digit of m?
4
Suppose 3*y + 2 = 26. Let f = y + -8. Suppose 2*s + 3*s - 110 = f. What is the units digit of s?
2
Suppose -2*n - 401 = -2451. What is the hundreds digit of n?
0
Let l be -69*(-3 - 0)*20/30. Suppose 0 = -2*r + 26 + l. What is the tens digit of r?
8
Let s be (156/9)/(2/(-24)). What is the tens digit of (s/40)/(2/(-20))?
5
Suppose 0 = -2*t - 2, 4*x - 4*t = x - 8. Let v = 13 + 5. Let j = v - x. What is the units digit of j?
2
Let x(y) = -y**2 + 5*y + 9. Let g = 5 + 1. What is the units digit of x(g)?
3
Suppose -80*t + 77*t + 1355 = 2*w, 4*t + 1362 = 2*w. What is the hundreds digit of w?
6
Suppose -2*b = 2*b + 844. Let u = -108 - b. What is the tens digit of u?
0
Suppose 0 = -9*x + 4884 + 57. What is the tens digit of x?
4
Let d be 2 - ((-6)/(-2))/(-1). Let c(o) = o**3 - 6*o**2 + 8*o - 3. Let i be c(d). Suppose -i = -0*m - m. What is the tens digit of m?
1
Let v = -57 + 171. Let t = 177 - v. What is the units digit of t?
3
What is the tens digit of (1198/(-6))/((-1)/3)?
9
Suppose 0*k = 5*j + 5*k, j + 5*k = -16. Suppose j*r - 96 = 44. What is the units digit of r?
5
Suppose -2*m - 2*g + 102 = 0, -2*m + 6*g + 90 = 2*g. Let b be (-1)/(-4) - (-5)/(-4). Let l = m - b. What is the units digit of l?
0
Let m = 321 + -10. What is the hundreds digit of m?
3
Suppose 3*p + 5*c = -28, 4*p + 5*c = 4*c - 9. What is the units digit of (-7)/(-21) + p*(-285)/9?
2
Let z be -3 + 0 + (7 - 5). Let x(m) = -11*m**3 + m**2 + 3*m + 1. What is the units digit of x(z)?
0
Suppose 31*c - 27*c = 15980. What is the thousands digit of c?
3
Let n(x) = -x**2 + 18*x + 47. Let s be n(23). Let y = -46 - s. What is the tens digit of y?
2
Let w be ((-2)/3)/((-8)/12). What is the tens digit of (524/(-8))/(w/(-2))?
3
Suppose 1 = s - 0, q - 5 = -2*s. What is the tens digit of ((-1)/q + 3)*(-915)/(-20)?
2
Let s(w) = 5*w + 2. Suppose 57 = -5*a + 3*t, 5*a + 54 = 4*t - 2. Let u be a/(-14)*-1*-7. What is the units digit of s(u)?
2
Let c = 18 - 25. Let f be (-2)/c + 2/(-7). Suppose -4*s = b - 16, f = -2*b - 5*s + 25 + 1. What is the units digit of b?
8
What is the tens digit of (-4)/4*2 - -420 - -4?
2
Suppose -260 = -2*j + 5*u, -8*j = -5*j - 2*u - 368. Let c = j - 99. What is the tens digit of c?
2
Let f be -33 - 8/6*-3. Let n = f - -91. What is the tens digit of n?
6
Let i = 35 - 21. Suppose -4*p = -3*g + i - 1, -p = 4*g - 11. Suppose -8*v + 125 = -g*v. What is the tens digit of v?
2
Suppose 11328 = 15*g - 7*g. What is the tens digit of g?
1
Suppose -6*d + 2986 = -5*d - 5*i, 2*i = 5*d - 14907. What is the units digit of d?
1
Let y(v) = 14*v**2 + 28*v - 42. Let i(z) = -5*z**2 - 9*z + 14. Let u(q) = 17*i(q) + 6*y(q). Let p = 4 - -9. What is the tens digit of u(p)?
1
Let i(t) = t**2 + 9*t + 23. Let c be i(-10). Let g = 37 - c. Suppose 168 = 5*a - g*j, 4*a - 2*j = a + 102. What is the units digit of a?
6
Suppose -b - 4 = -2*q - 0, -2*b = 2*q - 22. Suppose 3*z + 2*s - 223 = 0, -3*z + b*z - 243 = 3*s. What is the units digit of z?
7
Suppose q + 32 = 9*q. Suppose 0*u - 3*b = u - 34, 0 = q*b - 4. Let s = -18 + u. What is the units digit of s?
3
Let x(s) = s - 14. Suppose -4*z + 33 + 11 = 0. Let n be x(z). What is the tens digit of (-34)/n + (-6)/(-9)?
1
Let t be (-2 - 1)/(-3)*0. Suppose t*w + 2*w + 112 = 0. What is the units digit of 120/14 + (-24)/w?
9
Let z = 688 + -529. What is the hundreds digit of z?
1
Let j be (1/2)/(4/(-72)). Let u(y) = -5*y - 10. Let f be u(j). Suppose -2*i + f = -27. What is the units digit of i?
1
Suppose 0 = -2*b + 8. Suppose -b*x = 4, -3*y - y + 3 = x. Suppose c - u - 3 - 8 = 0, 0 = c + u - y. What is the units digit of c?
6
Suppose 0 = -21*p - 12*p + 71643. What is the hundreds digit of p?
1
Let y = 25 - 23. Suppose -y*l - 295 = -7*l. What is the units digit of l?
9
Let l = -44 + 0. Let w = l - -180. What is the units digit of w?
6
Let j(g) = 0 + 4 - 5*g - 4 + 3 + g**3. Let r(q) = -q**3 - 7*q**2 - q - 4. Let m be r(-7). What is the units digit of j(m)?
5
Let n(k) = -k**2 + 17*k + 20. Let q be n(18). What is the units digit of 95/(-1*1/(q/(-2)))?
5
Let b(f) = -f**3 - 3. Let h be b(0). Let u be -4*(-7)/((-28)/h). Suppose -2*g - 5*q = -g - 59, u*q + 159 = 3*g. What is the tens digit of g?
5
Let s(v) = -23*v**2 + 2*v. Let d be s(2). Let n = -51 - d. What is the units digit of n?
7
Suppose 3*n - 25 = 2*d, -5*n + 24 = 3*d - 43. Suppose 4*f - 3*h = -2*h + n, -f + 14 = -4*h. Let t(x) = 25*x + 1. What is the units digit of t(f)?
1
Suppose -8411 = f - 14*f. What is the hundreds digit 